 base 8
-16405
What is 13042 (base 9) in base 7?
34421
156523 (base 7) to base 10
31132
What is 1001122022 (base 3) in base 9?
31568
What is 536 (base 11) in base 6?
2552
Convert -1000100001001101 (base 2) to base 12.
-18239
Convert 4558 (base 10) to base 16.
11ce
What is 13402 (base 6) in base 7?
6044
Convert 60263 (base 9) to base 8.
115241
Convert 1101110110010 (base 2) to base 8.
15662
Convert 2102101012 (base 3) to base 16.
ba2c
Convert -11c3 (base 14) to base 15.
-dc6
-15011 (base 6) to base 2
-100101001111
What is -25714 (base 9) in base 15?
-5217
What is -10d2 (base 15) in base 10?
-3572
What is 12734 (base 10) in base 15?
3b8e
Convert -66b0 (base 12) to base 16.
-2c64
Convert -40 (base 5) to base 13.
-17
What is 14146 (base 8) in base 12?
3746
-8096 (base 10) to base 6
-101252
334 (base 16) to base 10
820
What is -919 (base 13) in base 12?
-a87
Convert 3acc (base 14) to base 6.
120004
What is ba1 (base 16) in base 12?
1881
Convert 10320 (base 4) to base 7.
624
45302 (base 8) to base 6
224334
1410 (base 5) to base 6
1022
Convert -147 (base 14) to base 2.
-100000011
What is 3670 (base 14) in base 10?
9506
Convert 1b54 (base 12) to base 2.
110100110000
Convert -100211112 (base 3) to base 6.
-53105
Convert 2016 (base 7) to base 10.
699
Convert 20202 (base 3) to base 11.
156
Convert -2319 (base 10) to base 9.
-3156
-4254 (base 7) to base 2
-10111100101
Convert -6bb (base 14) to base 2.
-10100111101
What is 33200 (base 4) in base 15?
462
Convert -20a9 (base 12) to base 15.
-10e0
2220210201 (base 3) to base 8
160150
-21231010 (base 4) to base 6
-504004
Convert 1ac (base 13) to base 4.
10313
132604 (base 8) to base 4
23112010
887 (base 10) to base 2
1101110111
What is 61201 (base 7) in base 6?
152424
What is -12046 (base 8) in base 5?
-131113
What is 3011 (base 5) in base 9?
463
What is -169 (base 10) in base 14?
-c1
What is 20ae (base 16) in base 8?
20256
141616 (base 7) to base 13
c418
-3111132 (base 4) to base 12
-7aa6
232 (base 5) to base 8
103
-5415 (base 6) to base 4
-103103
153555 (base 7) to base 5
1431001
Convert f85c (base 16) to base 7.
353236
1021102212 (base 3) to base 15
768b
Convert -26522 (base 7) to base 11.
-5394
-454 (base 12) to base 14
-33a
-2ee (base 16) to base 10
-750
Convert 31311002 (base 4) to base 10.
56642
10a1 (base 15) to base 5
103101
203010 (base 4) to base 14
b64
What is -2b4 (base 13) in base 7?
-1262
What is 12407 (base 11) in base 14?
66b0
Convert 23613 (base 9) to base 13.
726c
What is -1006 (base 8) in base 13?
-30b
Convert -23545 (base 7) to base 10.
-6109
Convert 42301 (base 6) to base 15.
1a6a
81c1 (base 16) to base 13
12172
189 (base 13) to base 11
237
What is 9955 (base 10) in base 16?
26e3
121122 (base 3) to base 12
315
8482 (base 9) to base 3
22112202
What is -649 (base 10) in base 8?
-1211
5054 (base 15) to base 16
423a
5a94 (base 14) to base 3
210200120
What is -220500 (base 6) in base 8?
-43624
What is -331220 (base 4) in base 13?
-1a45
Convert -55203 (base 6) to base 16.
-1dd3
What is 234302 (base 7) in base 4?
22111202
What is -4665 (base 7) in base 5?
-23323
Convert 11100000000101 (base 2) to base 12.
8371
What is 1000000100100 (base 2) in base 5?
113012
What is 13113 (base 4) in base 6?
2103
Convert 11ac (base 13) to base 8.
4714
12522 (base 13) to base 16
8424
Convert -106548 (base 9) to base 5.
-4020442
What is -4359 (base 14) in base 16?
-2d7b
Convert -660 (base 9) to base 5.
-4130
Convert -30003031 (base 4) to base 2.
-1100000011001101
What is -1101111010101 (base 2) in base 4?
-1233111
What is -2414 (base 6) in base 9?
-721
-614 (base 10) to base 14
-31c
Convert 25503 (base 7) to base 3.
100021120
Convert 4432 (base 7) to base 14.
819
What is -225 (base 6) in base 16?
-59
20c51 (base 13) to base 3
10000020012
-101111000110 (base 2) to base 8
-5706
What is bd (base 16) in base 5?
1224
What is 1423 (base 5) in base 10?
238
Convert -2221 (base 5) to base 9.
-375
What is -5382 (base 11) in base 14?
-283a
27c (base 14) to base 10
502
What is -202132 (base 4) in base 12?
-133a
-14938 (base 11) to base 4
-11021213
Convert 414 (base 12) to base 11.
499
1110000011010 (base 2) to base 7
26655
28805 (base 9) to base 7
111110
Convert -122010002 (base 3) to base 4.
-3002330
Convert 1949 (base 11) to base 10.
2473
Convert 361 (base 10) to base 4.
11221
Convert 12031 (base 4) to base 15.
1b7
-86 (base 11) to base 7
-163
What is -23340 (base 5) in base 8?
-3270
-101 (base 13) to base 7
-332
What is -51 (base 12) in base 10?
-61
What is 8458 (base 9) in base 7?
24050
What is -5611 (base 14) in base 7?
-61321
Convert -721 (base 8) to base 4.
-13101
-1003211 (base 5) to base 10
-16056
14798 (base 12) to base 11
1a687
Convert a76 (base 12) to base 6.
11030
What is -31600 (base 8) in base 2?
-11001110000000
174 (base 16) to base 11
309
-1700 (base 10) to base 6
-11512
a4 (base 14) to base 13
b1
Convert -2414 (base 6) to base 10.
-586
1101000 (base 2) to base 12
88
-5a (base 13) to base 6
-203
Convert 38 (base 13) to base 9.
52
-582 (base 12) to base 14
-426
Convert -2042 (base 16) to base 7.
-33035
Convert -5550 (base 10) to base 14.
-2046
-220 (base 8) to base 16
-90
What is -320030 (base 4) in base 12?
-20b8
Convert -111524 (base 6) to base 14.
-3656
Convert 6501 (base 12) to base 15.
3444
What is -20120 (base 5) in base 9?
-1677
-101000122 (base 3) to base 11
-5543
16a6 (base 14) to base 8
7742
What is -1c9 (base 15) in base 5?
-3124
Convert 377 (base 13) to base 6.
2445
Convert -10661 (base 10) to base 15.
-325b
Convert 10274 (base 8) to base 10.
4284
-131 (base 4) to base 13
-23
Convert -2724 (base 16) to base 7.
-41133
What is -14560 (base 8) in base 2?
-1100101110000
20216 (base 7) to base 11
3767
Convert 3421 (base 5) to base 11.
402
Convert -24304 (base 6) to base 7.
-13255
-83a8 (base 13) to base 8
-43455
What is 305 (base 8) in base 6?
525
What is -52611 (base 9) in base 13?
-12a8a
163065 (base 7) to base 13
1190a
Convert 32444 (base 5) to base 3.
10002022
101001111001101 (base 2) to base 3
1002102120
What is 111222120 (base 3) in base 6?
115110
-122412 (base 5) to base 15
-1607
-55210 (base 6) to base 2
-1110111010110
482 (base 9) to base 15
1b8
What is -23000300 (base 4) in base 5?
-2420404
Convert 735 (base 16) to base 9.
2470
What is -2232 (base 5) in base 14?
-189
Convert -1724 (base 12) to base 14.
-1016
122110 (base 3) to base 11
399
What is -3a8 (base 11) in base 15?
-221
What is -16223 (base 10) in base 4?
-3331133
-5f5 (base 16) to base 13
-904
-2183 (base 9) to base 10
-1614
-4864 (base 10) to base 9
-6604
1632 (base 15) to base 8
11244
What is c59 (base 13) in base 16?
836
-400 (base 9) to base 3
-110000
Convert -11205 (base 8) to base 14.
-1a29
1024 (base 6) to base 5
1412
-4204 (base 5) to base 15
-26e
-2665 (base 9) to base 12
-11ab
What is -542 (base 9) in base 8?
-673
12000 (base 4) to base 7
1056
What is 39698 (base 10) in base 14?
10678
-26 (base 12) to base 4
-132
Convert 2648 (base 11) to base 3.
11201102
Convert 2a9 (base 12) to base 16.
1a1
Convert -111020 (base 4) to base 16.
-548
What is 142 (base 15) in base 14?
167
-3231 (base 4) to base 6
-1033
-1216 (base 10) to base 11
-a06
What is 15295 (base 10) in base 11?
10545
What is -17b5 (base 12) in base 16?
-b39
Convert -b9b (base 16) to base 12.
-1877
What is 536 (base 12) in base 5?
11022
Convert 751 (base 11) to base 12.
633
What is 2aa5 (base 11) in base 6?
30243
-47 (base 9) to base 8
-53
Convert 1061d (base 15) to base 2.
1100101100100011
Convert 10222100122 (base 3) to base 5.
10001023
-18335 (base 9) to base 10
-12668
63261 (base 9) to base 16
a32a
Convert -1883 (base 11) to base 2.
-100101010110
What is -1444 (base 6) in base 11?
-323
85 (base 10) to base 14
61
Convert 316 (base 10) to base 16.
13c
What is -1002112 (base 3) in base 14?
-40d
What is -1163 (base 7) in base 4?
-12311
What is 305 (base 15) in base 11?
569
7426 (base 10) to base 11
5641
2b1f (base 16) to base 2
10101100011111
What is -1065 (base 16) in base 4?
-1001211
1004 (base 8) to base 3
201010
-10101223 (base 4) to base 8
-42153
202a (base 13) to base 15
14a5
-5ab (base 16) to base 3
-1222202
What is 13117 (base 9) in base 13?
4045
Convert 333111 (base 5) to base 15.
36c1
100100210 (base 3) to base 12
3b49
What is 4441 (base 5) in base 2?
10